rue
Is 23994229 a prime number?
False
Is 6515791 a composite number?
False
Is 103084409 a prime number?
True
Is 9413879 prime?
True
Is 10222301 a prime number?
False
Is 29514229 prime?
True
Is 6777733 prime?
True
Is 172340071 prime?
False
Is 1650559 a prime number?
False
Is 38318903 a composite number?
True
Is 211997 composite?
False
Is 93261029 composite?
False
Is 3295657 a composite number?
False
Is 65035595 a prime number?
False
Is 608501 composite?
True
Is 2426741 composite?
False
Is 9336398 a prime number?
False
Is 7289467 a composite number?
False
Is 13497851 a composite number?
False
Is 8385049 composite?
False
Is 25986511 prime?
True
Is 1184971 a composite number?
True
Is 2773747 prime?
True
Is 20556959 a prime number?
True
Is 1487417 a composite number?
False
Is 4328845 composite?
True
Is 33421705 prime?
False
Is 30902321 a composite number?
False
Is 32543263 a composite number?
False
Is 871927 composite?
True
Is 486022891 prime?
False
Is 160397522 composite?
True
Is 370387 a prime number?
True
Is 371459642 composite?
True
Is 2651465 composite?
True
Is 16786543 composite?
False
Is 77665093 a prime number?
False
Is 88285 a composite number?
True
Is 5195878 a composite number?
True
Is 2018077 composite?
False
Is 40719611 a composite number?
False
Is 26520881 a prime number?
True
Is 147247519 composite?
False
Is 5040905 a composite number?
True
Is 1817803 composite?
True
Is 121417921 a composite number?
False
Is 3849877 prime?
False
Is 11925821 a prime number?
True
Is 84200873 a composite number?
True
Is 1105279 prime?
False
Is 11151203 a composite number?
True
Is 558569993 a prime number?
False
Is 430160231 composite?
True
Is 484019407 a composite number?
False
Is 1134262367 prime?
False
Is 5024039 a composite number?
False
Is 1414067 a composite number?
False
Is 761353727 a composite number?
False
Is 760739 composite?
True
Is 383563 a composite number?
True
Is 6407818 a prime number?
False
Is 1108121 a composite number?
True
Is 396971 prime?
True
Is 3405561 prime?
False
Is 491353 a composite number?
False
Is 250564433 a prime number?
False
Is 437533 a prime number?
True
Is 3539477 composite?
True
Is 1174079 prime?
True
Is 42111929 prime?
True
Is 14404639 a prime number?
False
Is 39656453 prime?
False
Is 29238509 a composite number?
False
Is 1227104107 a prime number?
False
Is 62747 a prime number?
False
Is 326117693 a prime number?
False
Is 3189871 prime?
True
Is 65407483 a prime number?
False
Is 53553783 a prime number?
False
Is 7190993 a composite number?
True
Is 380720699 prime?
False
Is 47448733 a composite number?
False
Is 14605201 prime?
False
Is 22749953 a composite number?
False
Is 65349281 prime?
False
Is 10281451 composite?
True
Is 179437619 prime?
False
Is 16949285 a composite number?
True
Is 6296585 prime?
False
Is 289021015 prime?
False
Is 12069851 a composite number?
False
Is 78893329 prime?
True
Is 13059867 prime?
False
Is 11579779 prime?
False
Is 9906191 composite?
True
Is 11703661 prime?
False
Is 534382523 prime?
False
Is 55468579 prime?
False
Is 7070485 a prime number?
False
Is 54855457 composite?
False
Is 78597391 composite?
True
Is 32903977 prime?
True
Is 639907 a composite number?
False
Is 528064442 composite?
True
Is 191628631 a composite number?
False
Is 417471913 a prime number?
True
Is 1620383 a composite number?
True
Is 90473579 prime?
False
Is 126078259 a prime number?
False
Is 490850411 a prime number?
True
Is 34701187 a prime number?
True
Is 12539663 a composite number?
False
Is 9430921 a prime number?
True
Is 52308863 a composite number?
False
Is 833207 a prime number?
False
Is 5294629 prime?
False
Is 33964145 a composite number?
True
Is 30191687 composite?
False
Is 78405421 prime?
True
Is 24830203 a composite number?
False
Is 87369167 prime?
True
Is 22063373 a composite number?
True
Is 86479759 prime?
False
Is 3092899 a composite number?
True
Is 13253197 composite?
False
Is 128258963 a prime number?
False
Is 15932647 a prime number?
False
Is 92842613 a composite number?
True
Is 1733397 a composite number?
True
Is 13143503 composite?
True
Is 3718721 composite?
True
Is 395893 composite?
True
Is 113775091 prime?
False
Is 3942073 prime?
False
Is 96934115 composite?
True
Is 1404823 a composite number?
True
Is 1143127 a prime number?
False
Is 210784073 a prime number?
True
Is 26857663 composite?
True
Is 560309933 a prime number?
True
Is 61696277 composite?
False
Is 11366791 a prime number?
True
Is 10640141 prime?
False
Is 2333993 prime?
True
Is 77787427 a prime number?
False
Is 68315447 a prime number?
True
Is 43694681 prime?
True
Is 127176673 a prime number?
False
Is 18791977 a prime number?
True
Is 1124807 composite?
False
Is 4859807 composite?
True
Is 4425647 a composite number?
False
Is 21489529 a composite number?
False
Is 59346401 prime?
False
Is 4534543 prime?
False
Is 168584669 a composite number?
True
Is 5761889 prime?
False
Is 456581 a composite number?
False
Is 5092561 composite?
False
Is 19707761 composite?
True
Is 199044011 a composite number?
False
Is 47448994 a composite number?
True
Is 15320741 composite?
False
Is 33777697 a prime number?
True
Is 7254883 prime?
False
Is 13428049 a prime number?
True
Is 1412707 a composite number?
True
Is 2032103 composite?
False
Is 33398137 prime?
True
Is 23856919 a composite number?
False
Is 8759705 a composite number?
True
Is 10153549 prime?
False
Is 18148939 composite?
False
Is 4966441 prime?
True
Is 1488269 prime?
False
Is 6649567 a prime number?
False
Is 66736342 a prime number?
False
Is 42516913 a prime number?
True
Is 21271139 a prime number?
True
Is 2211683 composite?
True
Is 25280669 a composite number?
False
Is 37201561 composite?
False
Is 10756799 composite?
True
Is 40510835 prime?
False
Is 5943683 prime?
False
Is 7207471 a composite number?
True
Is 6213869 composite?
False
Is 4364869 prime?
False
Is 84892321 prime?
True
Is 6939379 prime?
False
Is 3863173 a composite number?
False
Is 1185611 a prime number?
False
Is 10820683 composite?
True
Is 72964597 a prime number?
True
Is 93754513 prime?
False
Is 3466069 prime?
True
Is 1637143 a composite number?
True
Is 308378251 composite?
False
Is 24977467 composite?
False
Is 8063309 composite?
False
Is 850205299 a prime number?
False
Is 175432445 composite?
True
Is 5851229 prime?
False
Is 4967377 a composite number?
False
Is 3508439 a prime number?
False
Is 42913259 a prime number?
True
Is 2778973 a prime number?
False
Is 51166391 a composite number?
False
Is 1108981 composite?
True
Is 2243837 prime?
False
Is 3881987 a prime number?
True
Is 42335507 a prime number?
True
Is 29775979 a composite number?
False
Is 10049777 prime?
True
Is 1074781 composite?
True
Is 16003799 a prime number?
False
Is 13800287 prime?
False
Is 6636397 a prime number?
False
Is 3251327 prime?
False
Is 5393417 composite?
False
Is 294191531 a composite number?
False
Is 7796433 prime?
False
Is 19032119 a composite number?
False
Is 6499439 a prime number?
True
Is 44592671 prime?
False
Is 43518313 a prime number?
True
Is 31182499 composite?
True
Is 265073 a composite number?
True
Is 1137769 a composite number?
True
Is 167159401 prime?
False
Is 123285839 a composite number?
False
Is 3261047 composite?
True
Is 6290815 prime?
False
Is 345397769 composite?
False
Is 3085501 composite?
True
Is 3985433 a composite number?
False
Is 9446321 prime?
True
Is 200209 a prime number?
False
Is 158637703 a composite number?
True
Is 27730811 a composite number?
False
Is 1353133 composite?
False
Is 1547989 prime?
True
Is 22345357 prime?
True
Is 10849453 prime?
True
Is 18823249 composite?
False
Is 27340151 a prime number?
False
Is 2997881 a composite number?
True
Is 4587463 composite?
False
Is 20733799 composite?
False
Is 104491715 a prime number?
False
Is 51521669 composite?
True
Is 92944519 a prime number?
True
Is 9469241 a composite number?
False
Is 564106 composite?
True
Is 4180607 a composite number?
False
Is 21031277 a composite number?
False
Is 418618181 a composite number?
False
Is 3095009 a composite number?
True
Is 68669 a composite number?
False
Is 4327127 a prime number?
False
Is 29168539 a composite number?
True
Is 67778479 a composite number?
True
Is 8223983 composite?
True
Is 384773 composite?
False
Is 13420919 prime?
False
Is 4657715 a prime